ctor of q and a.
3
Let b(q) = q**3 - 10*q**2 + 9*q + 4. Suppose 6*l = 35 + 19. Let v be b(l). Let t be ((-1)/v + 1)/((-4)/(-208)). What is the highest common divisor of t and 13?
13
Let a = -113 - -111. Let u be (5/a)/(((-16)/8)/4). What is the greatest common factor of u and 2?
1
Let r(j) be the first derivative of j**3/3 + 19*j**2/2 + 14*j + 7. Let t be r(-19). Suppose 45 = -9*o + t*o. What is the greatest common divisor of o and 99?
9
Let d = -28 + 51. Let y = d - -38. Let i = 88 - y. What is the greatest common factor of 9 and i?
9
Let u be (-30 - -27)/((-3)/4). Suppose 3*w - w - 663 = 3*f, -1333 = -u*w - f. What is the greatest common factor of w and 37?
37
Let u = -2171 + 2777. What is the highest common divisor of u and 9?
3
Suppose 268*q = 270*q + 16, -5*f + 538 = 4*q. Let u(k) = 2*k**2 - 2. Let o be u(2). Calculate the highest common divisor of f and o.
6
Suppose 3*u = -2*w + 218, -2*w = 4*u + w - 292. Suppose 246*s - 241*s - 105 = 0. What is the highest common factor of u and s?
7
Suppose 3*z - 299 = 592. Let k be (41 - (-7021)/(-177))*(-66)/(-8). What is the greatest common factor of z and k?
11
Let l = 39 - 5. Suppose l*w - 25*w - 882 = 0. Calculate the greatest common divisor of w and 980.
98
Let w(r) = 4*r**2 + 24*r + 4. Let l be w(-6). Suppose -3*t = 3*f - 174, -2*f = l*t - 123 - 109. Calculate the greatest common factor of t and 87.
29
Let h(w) be the second derivative of -w**4/12 - 23*w**3/6 - 56*w**2 - 3*w - 7. Let l be h(-8). Calculate the greatest common divisor of 104 and l.
8
Let h be (-95 - -92)/(3/(-595)). Calculate the greatest common factor of h and 175.
35
Let c be (-1072)/5 + (0 - (-6)/15). Let h = 227 + c. Calculate the highest common divisor of h and 143.
13
Let j = 73 + -28. Let p = 55129 + -55099. What is the greatest common divisor of p and j?
15
Suppose -i + 2721 = 2*i - 2*g, i = 3*g + 907. Suppose -147 + i = -5*u. Let p = -88 - u. Calculate the highest common factor of 8 and p.
8
Let u be (-7)/((-1)/6*10) + (-12)/(-15). What is the highest common factor of 26 and u?
1
Let i(p) = 2*p + 26. Let d be i(7). Suppose -7*t - d = -754. What is the greatest common factor of t and 340?
34
Suppose 4*r = 13 + 3, -4*s + 2*r + 32 = 0. What is the highest common divisor of 295 and s?
5
Suppose 5*c - 2*t - 10 = 0, -2*c + 4*t + 18 = 6*t. Suppose c*z - 1174 = -4*v - 18, -3*v + 849 = -3*z. Calculate the greatest common divisor of 22 and v.
22
Suppose 2*q + 3*q = 2*i + 17, 3*q = 4*i + 13. Suppose -22*b = -q*b - 1197. Calculate the greatest common divisor of b and 84.
21
Let v(o) = -5*o**3 + 47*o**2 - 16*o + 32. Let h be v(9). Let i be h*12/32*72. What is the highest common factor of i and 54?
54
Suppose 135*i + 2*y = 136*i - 1221, -7 = y. Calculate the greatest common divisor of i and 51.
17
Let j be ((-48)/30)/((-4)/90). Suppose 13*w - 16*w = -48. Suppose u - 8 = -5*i + 4*i, -3*i + w = u. Calculate the greatest common divisor of j and i.
4
Let l be 3 + 21 - (-5544)/(-252). Let z be 2/2 + 62 + 1. Calculate the highest common factor of z and l.
2
Let s be -6 - (-1 - 0 - 4). Let j(y) = 177*y**2 - 3*y - 4. Let b be j(s). What is the highest common divisor of b and 66?
22
Let z(w) = -7*w**2 - 134*w + 42. Let u be z(-9). Calculate the highest common factor of 27 and u.
3
Let h be (1/(2/(-1)))/(4/(-1008)). Suppose g - 6*g + 196 = -2*d, -3*d + h = 3*g. Suppose 269 + 151 = 7*q. Calculate the greatest common divisor of g and q.
20
Suppose -4*v + 24 = 12. Suppose -8*f + 1 = -3*f + k, v = -5*f + 3*k. Suppose f = -q - 3*q + 12. What is the highest common factor of q and 12?
3
Let i be -1*15/(-6)*6*4. Suppose -20*u - i = -23*u. What is the greatest common divisor of 65 and u?
5
Let y(h) = -17*h - 20. Let t(a) = 19*a + 21. Let x(q) = -4*t(q) - 3*y(q). Let w be x(-6). Calculate the highest common divisor of 315 and w.
63
Suppose -13*z + 9901 = 1776. Let d = 669 - z. What is the highest common factor of 484 and d?
44
Let b(x) = -12*x + 77 - x**2 + 2*x + 13*x. Let q be b(0). Calculate the greatest common factor of q and 44.
11
Let i be (-3665)/4*(-3960)/825. Calculate the highest common divisor of 6 and i.
6
Let p(b) = -688*b - 403. Let a be p(-1). Calculate the greatest common divisor of a and 120.
15
Let m(b) = 2*b**3 - b**2 + 4*b - 6. Let d be m(4). Let s be d/4 - (-60)/24. Let p(u) = -11*u. Let n be p(-4). Calculate the greatest common divisor of n and s.
11
Suppose -10*i = -4537 + 4357. Calculate the greatest common factor of i and 99.
9
Let v = -98 - -119. Suppose 0 = 9*x - 1634 - 3847. Calculate the greatest common factor of v and x.
21
Let x(z) be the first derivative of 3*z**2/2 + 2*z - 1. Let y be x(8). Let i be 5*7 + (-124)/(-31). What is the highest common factor of y and i?
13
Let h(k) = -37*k + 6321. Let w be h(87). Calculate the greatest common factor of w and 55.
11
Suppose -2*y + 145 = -185. Let n = y - 160. Suppose -3*k - 35 = -v, 2*v = -0*v - k + 70. What is the greatest common factor of v and n?
5
Let l = 260 - 158. Suppose -107*q - l = -108*q. Let h = 192 + -39. Calculate the highest common factor of q and h.
51
Suppose -1890 = -5*n - 2*y + 39, 381 = n - 2*y. What is the greatest common divisor of n and 665?
35
Suppose -2*j = -3*g + 1142, 0 = -54*g + 56*g + j - 759. Calculate the greatest common divisor of g and 1786.
38
Let w be 4/((-6)/9*-3). Suppose 520 = 3*n + w*n + 4*z, 4*n = -4*z + 420. Let q = n - -43. Calculate the greatest common divisor of q and 13.
13
Suppose o - 51 = 63. Let p = 108 + -102. Suppose k = p*j - 2*j + 26, 4*k - j - 149 = 0. Calculate the highest common factor of k and o.
38
Let r be 201/2 - 51/34. Let h(o) = -3*o**2 + o - 1. Let t be h(1). Let d be (-2)/((-8)/(-132)*t). Calculate the highest common factor of r and d.
11
Let b(j) be the first derivative of -j**4/4 - 2*j**3 + j**2/2 + 19*j + 27. Let q be b(0). What is the greatest common factor of 513 and q?
19
Let a = 613 + -874. Let j = a - -274. Calculate the greatest common divisor of 3 and j.
1
Suppose -4*p + 3*p + 6 = 0. Let u be (86/p)/((-3)/18). Let z = u + 256. What is the greatest common factor of z and 68?
34
Suppose 5*a - 2 = 8, 0 = -5*h + 2*a + 676. Let v(y) = 21*y**2 + 64*y - 68. Let r be v(1). What is the greatest common divisor of r and h?
17
Let j = 12 + -8. Let o(k) = -2*k**3 - 13*k**2 - 4*k + 18. Let l = -102 - -96. Let c be o(l). Calculate the greatest common divisor of j and c.
2
Suppose 5*t - s + 49 = 0, s - 43 = 4*t - 3. Let u(x) = -2*x - 13. Let i be u(t). Suppose 52 = i*j - 198. What is the greatest common factor of j and 5?
5
Suppose 0 = 2*p - 44*p + 13692. What is the greatest common divisor of p and 2?
2
Suppose 0 = 3*n - 2*z - 4906, -19*n = -21*n + 3*z + 3264. What is the highest common factor of n and 336?
42
Suppose -3*p = 2*n - 100, 3*p + 64 = -2*n + 4*n. Calculate the greatest common divisor of n and 54284.
41
Suppose 0 = 2*i - p - 625, -3*p + 607 = 5*i - 983. Suppose -l - 5*j - 10 = -70, -2*j = 4. Calculate the highest common divisor of i and l.
35
Suppose 0 = -50*s + 283*s - 236495. What is the greatest common divisor of 1740 and s?
145
Suppose g - 14*g = 182. Let b = g - -25. Let d be 4/(-16) - 1455/(-12). Calculate the greatest common factor of d and b.
11
Let a = 1061 + -949. What is the highest common factor of a and 175?
7
Suppose -5 = n - 9, -3*c - 4*n = -268. Let o = 113 - 41. Suppose x + h = 37 + o, -333 = -3*x - h. What is the greatest common factor of x and c?
28
Let d = 38 - 3. Suppose -61*k - 5646 + 16321 = 0. What is the greatest common divisor of k and d?
35
Suppose 5 = 12*u - 67. Let q(g) = g**3 - 4*g**2 + 3*g + 21. Let t be q(u). Calculate the greatest common divisor of t and 148.
37
Let x(s) be the second derivative of 7*s - 19/3*s**3 - 6*s**2 + 0. Let l be x(-6). What is the greatest common factor of 24 and l?
24
Let d = -106 + 109. Let n be d/(-33)*2 + 1432/11. Suppose 19*k - n = 14*k. Calculate the highest common divisor of 13 and k.
13
Let f(c) = -10*c**3 + 3*c**2 - 2*c + 1. Let r be f(1). Let y(l) = 7*l + 4. Let p be y(r). Let s = 68 + p. Calculate the greatest common factor of 32 and s.
16
Let i be ((-3)/6)/((-2)/12). Suppose -1 + 0 = -4*z + i*p, z + p = 2. Let c = -19 + 26. Calculate the greatest common divisor of z and c.
1
Let v be 312 - 33 - (-2 + -1). What is the greatest common factor